ivided by 7.
4
Let v(x) = -387*x + 133. Calculate the remainder when v(-2) is divided by 191.
143
Calculate the remainder when 2138 is divided by 20/6 - (-111873)/801.
136
Let z be (-21 + (-8)/(-2))*4/(-4). Calculate the remainder when 199 is divided by (z/(238/(-200)))/((-2)/7).
49
Let s(z) = -z**3 + 13*z**2 - 3*z - 1. Let w be s(9). Let n = w - -194. Calculate the remainder when 109 is divided by (n/15 - -4) + 1/3.
35
Let o(c) = 53*c + 1. Suppose 0 = -66*r - 92219 + 94661. What is the remainder when o(1) is divided by r?
17
Let w(b) = -4*b**3 + 9*b. Let c be w(-4). Suppose -6*h + 286 = c. What is the remainder when 19 is divided by h?
8
Suppose 808 = 26*q - 336. Calculate the remainder when 479 is divided by q.
39
Let f = 3283 - 2950. What is the remainder when f is divided by 113?
107
What is the remainder when (-12 - 1342 - 19)/(0 - 1) is divided by 42?
29
Suppose -28*a + 5*a + 529 = 0. Suppose -5*n = r - 71, 4*r = -n + 6*r + a. What is the remainder when 95 is divided by n?
5
Suppose -4*q + 5*g + 2073 = 0, 4*q = 4*g + 1368 + 700. What is the remainder when q is divided by 87?
77
What is the remainder when 1977 is divided by (12 + 0 + -11)*655?
12
Let r = 5992 + -4932. Calculate the remainder when r is divided by 45.
25
Let m(n) = 7*n + 18. Let l be m(-4). Let t be (-985)/25 - -1 - 4/l. Calculate the remainder when 48 is divided by (2 + t)*(-2)/4.
12
Calculate the remainder when (2 + 7/(-5))/((-717)/120 + 6) is divided by 3.
0
Let f(i) = -i - 10. Let q be f(-2). Let o(d) = 2*d**3 + 21*d**2 + 21*d - 10. What is the remainder when o(q) is divided by 1/(-3) - (-616)/21?
26
Suppose -7*g - 167 = -3*o, 0 = -5*o - 0*o + 4*g + 309. What is the remainder when o is divided by 15?
5
Let h be 0 - -130*36/8. Let g = h + -567. Calculate the remainder when 231 is divided by g.
15
Suppose -2*y - 3*n = -30, -2*n = 5*y - 4*n - 56. Suppose 0 = -3*o + 34 - 28, 7*q + 3*o - 139 = 0. Calculate the remainder when q is divided by y.
7
Calculate the remainder when -2865*7*(-8)/280 is divided by 131.
49
Let m be 17/(-3)*-1 + (-8)/12. Suppose t = 3*c - 30, 5*c + m*t = 10*c - 50. Calculate the remainder when 67 is divided by c.
7
Let t = -10330 + 10371. Calculate the remainder when 1271 is divided by t.
0
Suppose -27810 = 101*n - 75*n - 71*n. What is the remainder when n is divided by 124?
122
Let l(j) = -45*j - 2091. Let h = -1 + 2. What is the remainder when l(-48) is divided by 1 - (2/h + -13)?
9
Let o = -126 + 169. Suppose 0*k - 6 = -3*k. Suppose -k*v + 4*v - 22 = 0. What is the remainder when o is divided by v?
10
Let p = 242 + -243. What is the remainder when (p + -55)/(46 + -48) is divided by 18?
10
Let x = -74 + 81. Suppose x*w - 58 = -30. Calculate the remainder when 18/w*26/3 + 0 is divided by 10.
9
Let l be ((-12)/3)/((-7)/((-21)/(-4))). Let h(t) = 18*t - 10. What is the remainder when 48 is divided by h(l)?
4
Let g = -741 + 894. What is the remainder when 753 is divided by g?
141
Calculate the remainder when 12177 is divided by -30*(-51)/170 - -10.
17
Suppose 4*d - 74 = -5*c - 17, -4*c - 4*d = -44. What is the remainder when 2647 is divided by c?
8
Suppose 9 = 3*u, -2*m - 172 = -3*m - u. Suppose -119*c + 129*c - 637 + 207 = 0. Calculate the remainder when m is divided by c.
40
Suppose 0 = -5*l - 79 + 94, f = 5*l + 57. Let z = 304 + -168. What is the remainder when z is divided by f?
64
Let x(t) = -26*t - 34. Let b be x(3). Let h = b + 155. Calculate the remainder when 85 is divided by h.
42
Suppose 8 = 2*d, d - 123 = -14*n + 7*n. Calculate the remainder when 822 is divided by n.
6
Suppose -209*m = -285*m + 988. Calculate the remainder when 1/((-1)/23*-1) is divided by m.
10
Let s = -88 + 81. Let j(m) = -m**3 - 4*m**2 + 8*m + 18. Let h be j(s). Let u = -102 + h. What is the remainder when 48 is divided by u?
6
Suppose 0 = 4*d - 194 - 1398. Let k = 424 - d. Let l = 14 - -1. Calculate the remainder when k is divided by l.
11
Suppose 5*l = l + 16. Calculate the remainder when 2/((-648)/(-66) - 10) - -24 is divided by 4/((2/1)/l).
5
Let r(w) = -394*w + 1784. Calculate the remainder when r(2) is divided by 137.
37
Suppose -2*w + 17 = b, -3*w - 5*b + 16 = 1. Suppose 5*d = -48 + 123. What is the remainder when d is divided by w?
5
Let m = -36 + 51. Suppose 0 = -907*w + 618*w + 99127. What is the remainder when w is divided by m?
13
Let f = -1733 - -2034. Calculate the remainder when 5715 is divided by f.
297
Let a = -2199 - -2302. What is the remainder when 190 is divided by a?
87
Suppose -z = d - 95, -130*d - 419 = -135*d + 9*z. Let u(s) = 2*s**2 - s - 2. Calculate the remainder when d is divided by u(-3).
15
Let o = -6416 - -8302. What is the remainder when o is divided by 67?
10
Let g = -174 - -98. Let p = 5 - 7. Let i = p - g. Calculate the remainder when i is divided by 25.
24
Suppose -5*g + 1298 = 54*g. What is the remainder when 43 is divided by g?
21
Calculate the remainder when 404 is divided by (-271)/542 - (-127)/2.
26
Let g(c) = -1001*c - 1866. What is the remainder when 246 is divided by g(-2)?
110
Suppose 0 = -6*z + 3139 + 173. Calculate the remainder when 1657 is divided by z.
1
Suppose 0*v = -a - 2*v + 14, 4*v = 4. Suppose 0 = -a*r - 816 + 2784. Calculate the remainder when r - (-4 + 5/5) is divided by 13.
11
Let m be ((-14)/8)/(1/4). Calculate the remainder when (-3)/(-13) + (-19864)/(-338) is divided by 28*m/((-147)/18).
11
Let d be (-3 + 3)/2 - 75. Let f = d - -78. Suppose 2*h + f*g = 61, 5*h - 5*g = -g + 141. What is the remainder when h is divided by 8?
5
Let i = -78 + 82. Suppose 3 + 89 = i*v. Let o(b) = b**3 + b**2 - 3*b + 1. What is the remainder when v is divided by o(2)?
2
Calculate the remainder when (21 + (-195)/13)*358/4 is divided by 31.
10
Let r = -117 - -110. Calculate the remainder when (r - 132/(-18))*(185 + 1) is divided by 0 + 22 + (4 - 5).
20
Suppose -6*p + 294 - 876 = 0. Let o = p + 117. Let f(z) = -z**3 - 3*z**2 + 2*z - 1. What is the remainder when f(-5) is divided by o?
19
Let z = -1791 + 2638. Calculate the remainder when z is divided by 25.
22
Let l(p) = 28*p - 41. Let t be l(6). Suppose -5*q - 33 - t = -5*k, 125 = 5*k + 2*q. What is the remainder when 105 is divided by k?
24
Let y(f) = 12*f**2 - f + 24. What is the remainder when y(6) is divided by 133?
51
Let t be (-667)/(-7) + (-8)/28. Suppose 3*h - t = 481. Let b = 279 - h. Calculate the remainder when b is divided by 23.
18
Suppose -2*d - 7 + 3 = -5*a, -2*d - 2*a - 4 = 0. Calculate the remainder when 76 is divided by d + 17 + 0 + 35 + -37.
11
Let l = 29 - 16. Suppose 10*f - 27*f - 1176 = -31*f. What is the remainder when f is divided by l?
6
Let p(d) = -181*d + 847. What is the remainder when p(3) is divided by 106?
92
Let b = 942 + -919. Suppose -4*u + 825 = 3*o, 21*u - b*u = 6. Calculate the remainder when o is divided by 58.
47
Suppose -2*o = 4*u + 2, u + 15 = o - u. Suppose 29*b = 12*b. Suppose -7*n - 29 + 64 = b. Calculate the remainder when o is divided by n.
2
Suppose -11*x + 14*x = 28*x. Suppose -2*b + 110 + 110 = x. Calculate the remainder when b is divided by 28.
26
Suppose 189 - 19 = 5*y + 4*f, -34 = -y - 4*f. Let s(n) = n - 10. Let u be s(12). What is the remainder when y is divided by (7/(35/180))/u?
16
Calculate the remainder when 718/8 - (-1)/4 is divided by (-2 - 11) + (-4 - -6) + 27.
10
Suppose -3*l + o = -2287, -l - o - 164 = -925. Suppose 6*h + 0*h = l. Suppose -9*d + h = -359. What is the remainder when d is divided by 11?
10
Let g(l) = -13*l**2 - 40*l + 2. Let y be g(-3). Suppose 15*v - 13*v - 178 = 5*z, y*z + 84 = v. Calculate the remainder when v is divided by 8.
6
Calculate the remainder when ((-4)/25)/(30/(-75))*16545/6 is divided by 1084.
19
Let p(k) = k**3 + 20*k**2 + 19*k + 5. Let o be p(-19). Suppose 196 = 6*x - x - 4*f, f - 176 = -o*x. What is the remainder when 54 is divided by x?
18
Let b = -2 + 56. Let v = 136 - b. Calculate the remainder when v is divided by 12.
10
Calculate the remainder when (-6)/(8/(-6)*(10790/(-1360) + 8)) is divided by 36.
32
Suppose 6*f = 6*f + 15*f. Suppose -4 = -f*a - a. What is the remainder when 11 is divided by a?
3
Let a be (-4)/6*450/(-12). Let m be (3/(-4))/(3/(1 - a)). Calculate the remainder when 79 is divided by (-7)/((-21)/m) - -25.
25
Let m(z) = -z**3 + 5*z**2 + 4*z + 4. Let p = 95 - 91. What 